-18 - 7) - (-5 + -1).
-2
-1 - 3 - (7 + -10)
-1
(-12 - -30) + -8 + -2 + 2
10
Evaluate 2 + 1 + (-4 - -5).
4
(-3 + 1 - (8 + -10)) + -2
-2
What is the value of -2 - (6 - 6) - -3?
1
What is the value of 18 + -14 + 1 + -8 - -4?
1
(-10 - 9) + 15 + (-4 - -1)
-7
-1 - 1 - ((-5 - -6) + -1)
-2
Calculate 2 + 2 + (23 - 34).
-7
What is the value of 4 + -1 + -4 - (1 + -7)?
5
Evaluate (-10 - (0 + -10)) + 1.
1
(2 + -6 - 1) + 3
-2
Calculate 1 + 0 + 2 - 5.
-2
Calculate 6 + 1 + 3 - 5 - 4.
1
Calculate 4 + (-1 + -2 - 2) - 3.
-4
What is the value of 0 + 1 - (-13 - -12)?
2
Evaluate (5 - 9) + 10 + -6.
0
What is -2 - (1 - 0 - (1 - -1))?
-1
Calculate -1 + 3 + (-2 - (-4 + 5)).
-1
What is 5 - ((14 - 8) + 5) - 1?
-7
Evaluate -60 + 59 + (0 - 1) + 8.
6
Evaluate (10 - (-1 - -6 - 2)) + -13.
-6
-7 + 3 + (3 - (7 + -3))
-5
Evaluate (0 - -6) + 4 + (-7 - 2).
1
4 + (-10 - -3) + 4
1
What is -1 + 0 + -5 - (-245 - -243)?
-4
Calculate -9 + (-3 - (-14 - -5)).
-3
Evaluate (0 - 1) + (-26 - -27) + 7.
7
Calculate -21 + 31 + (-4 - -2).
8
Calculate -3 + -1 + -11 + 16.
1
Evaluate -4 + (3 - (6 - 6) - 3).
-4
What is the value of (0 - 1) + (5 + 1 - 10)?
-5
-4 + 3 + (2 - 3)
-2
1 - (-1 - 1) - (2 - -6)
-5
Evaluate -1 + (1 - ((1 - -1) + -2)).
0
Evaluate 42 + -44 - (1 - 2 - 6).
5
What is 2 + 2 - (12 + 13 + -22)?
1
What is 5 + 1 + 1 + -7 + 1?
1
What is -2 + 5 - (4 + 0) - 0?
-1
Calculate (1 + 4 - 4) + -7 - -1.
-5
What is (-1 + 0 + 2 - 0) + 4?
5
6 - (1 - (-3 - -1))
3
What is the value of 9 + -1 + -2 - (1 + 4)?
1
3 + -3 - (-13 - -13)
0
What is the value of (-3 - (1 + -11)) + -5?
2
1 + -3 - -3 - -2
3
Evaluate (5 - (-5 - -8)) + -8.
-6
4 - (0 - -4) - -1
1
3 + (-3 - 0) + -3 + 2
-1
-15 - -3 - (28 - 34)
-6
What is the value of -6 - (-2 - 0) - (-9 - -2)?
3
What is the value of 7 - ((-3 - -4) + 6)?
0
(4 - 7) + 5 + 1 + 1
4
-4 + -6 + -7 + 7
-10
What is -56 + 54 + (0 - -9) - 0?
7
Calculate (0 - (2 + 0)) + (-21 - -24).
1
Evaluate (1 + -1 - (1 + -7)) + 4.
10
Calculate -13 + 11 - (1 + 2 + -3).
-2
What is the value of -2 - -5 - (2 - 3 - -2)?
2
Evaluate -16 + 17 + 8 + -4.
5
-2 + -2 + (23 + -1 - 11)
7
Calculate 12 + (-18 - -12) + -4.
2
Evaluate 1 + 0 + 16 + -10.
7
What is -10 - (4 + -7 - 5)?
-2
What is the value of 4 + (24 - 23) + (-7 - 0)?
-2
Evaluate (-7 - -2) + (1 - 0) + -2.
-6
What is 4 - (-2 + 7 - (-8 - -4))?
-5
Evaluate 5 - (8 - 4) - -6.
7
Evaluate 0 - 7 - -3 - (1 + -10).
5
What is (0 - -2) + (-1 - (1 + -3))?
3
What is 8 + -3 - 21 - -11?
-5
What is the value of 5 - (-9 + (-9 - -9 - -21))?
-7
What is the value of 1 - (8 - (-5 + 3 + 6))?
-3
Evaluate 7 - (0 + 7) - -2.
2
Calculate 1 - (4 + -3 - -3).
-3
4 - (0 - (-1 + -4))
-1
-7 - -2 - -8 - -2
5
What is -5 - -8 - (0 + 7)?
-4
What is the value of (-1 - 5) + (12 - 3)?
3
Calculate (55 - 52) + -1 + -5.
-3
Evaluate -15 - -11 - (-2 + 2 + -9).
5
-4 - 8 - (-2 - 9)
-1
Evaluate -1 + (-4 - -3 - 0) + 5.
3
Evaluate -2 + 0 + 5 + -2.
1
What is 2 + 3 + -4 - 5?
-4
What is 11 - (-2 + 2) - 13?
-2
What is the value of -3 + (2 - (3 + 3)) - -4?
-3
What is (5 + -3 - -3) + -9?
-4
What is the value of -3 + 0 - (-2 + (-3 - 0))?
2
What is the value of (-21 - -26) + -2 + -1?
2
(-5 - -7) + (7 - (5 + 0))
4
What is the value of -4 - (-4 + -1 - -3) - -3?
1
Calculate -4 + 4 + 1 + 2 + -4.
-1
What is (-6 - (-5 + 2)) + 5?
2
What is 0 + -6 + 1 - -10?
5
4 - ((-3 - 1 - -2) + 4)
2
-1 + 14 + 60 + -65
8
Evaluate (-1 - -4) + -4 + (-1 - 0).
-2
What is 4 + 1 + -4 + -1 + 4?
4
Evaluate -2 + (5 + -1 - (0 - -3)).
-1
Calculate (-1 - -1) + (40 - 39).
1
Calculate -3 + 5 + -1 + -3 + 0.
-2
What is -3 - 1 - -1 - -1?
-2
Evaluate 7 + (-4 - -5 - 6) + -1.
1
What is the value of (-5 - (-14 + 18)) + (4 - 1)?
-6
Calculate -2 - -8 - (0 - -5).
1
4 + (-10 - 1 - -7)
0
Evaluate 0 + 2 + 4 + -1 - 5.
0
-1 - (-4 + (6 - 2) - -5)
-6
What is the value of 1 + (8 - (13 + (12 - 8)))?
-8
12 + -8 + 11 + -18
-3
Calculate 10 + -5 - 9 - 1.
-5
What is the value of -6 + 6 - (6 + -1)?
-5
-1 + -1 - (-3 + 0 - -6)
-5
4 + (-5 - -1) + 4
4
What is 0 + (-1 - -4 - -2) - 5?
0
Evaluate 7 - (-2 + 1) - 3.
5
What is 7 + -2 + (-54 - -57)?
8
What is -15 + (13 - -3) + -10?
-9
(3 - 1) + 117 + -114
5
Evaluate -10 + (3 - -1) + (-8 - -9).
-5
Evaluate (-3 + 4 - 3) + 4.
2
Calculate -4 + 5 - (2 + (-1 - 2)).
2
-7 + (-2 - -1 - -1)
-7
Calculate 2 + -2 + -4 + (7 - 5).
-2
Calculate -6 + 17 + -13 - -5.
3
What is 1 + 2 + 6 + 32 + -36?
5
-6 + 2 + 4 + 0 + 4
4
What is the value of 4 + (4 - -2) + -18 + 11?
3
2 + (2 + 4 + -8 - -5)
5
3 + -6 + -1 + 1 + -3
-6
What is the value of 0 - 1 - -7 - (5 + -4)?
5
0 + 19 + -9 + -8
2
Evaluate (4 - (2 + -2)) + (-3 - -6).
7
What is -34 - -22 - (-1 + -2 - 1)?
-8
What is (-1 + -13 - -6) + 4?
-4
Calculate 3 + -2 + (0 - (10 - 4)).
-5
What is 0 + -6 + (18 - (13 - 5))?
4
What is (2 - 1 - (-14 + 15)) + 2?
2
What is 19 - 8 - (3 + (0 - -2))?
6
What is 11 + 6 + -13 + -8?
-4
Evaluate -1 - (-4 + 2 + -3).
4
Evaluate 1 + 11 + (-9 - 5).
-2
Calculate 10 - (-1 + 5) - 5.
1
3 - (6 + -6 - -3)
0
Evaluate -35 - -33 - (-5 - -11).
-8
Calculate 3 - (2 + 7 + -4).
-2
What is 6 + (-21 + 18 - (-3 - -2))?
4
What is -5 + (0 - -1) - -1?
-3
Calculate -1 - -9 - -3 - 8.
3
What is (-7 - 0) + (11 - 5) - -2?
1
Evaluate 0 + (4 + -1 - (-1 - -1)).
3
What is the value of 0 + (4 - 1) + 2 + -2?
3
Calculate (-3 - (-1 - (5 - 0))) + -7.
-4
Evaluate (0 + -7 - -5) + -3.
-5
What is the value of 7 + -1 + -4 - 0?
2
Calculate -7 + -4 + (8 - 2) + 1.
-4
Calculate 9 - 4 - (1 - -8).
-4
-2 - (-4 + 0 + -2)
4
4 - (-6 + 5 + 7)
-2
What is (-5 - (1 - -2)) + -1 + 4?
-5
What is the value of 5 + 8 + -13 + (3 - 5)?
-2
What is the value of -18 + -3 + 18 - (0 + -11)?
8
Calculate -5 + 2 - -1 - -2.
0
What is -3 - ((3 - (3 + -3)) + -16)?
10
What is 5 + (1 - 12) - -2?
-4
What is -6 + 7 - (0 + -1 - 2)?
4
4 + -1 + 2 + 1 - 7
-1
What is the value of -1 + (-1 - -1 - 1) + -1?
-3
Calculate (-3 - 1 - 0) + 6 + -7.
-5
What is the value of 8 + -1 - ((1 - 15) + 11)?
10
(3 - (6 - 1) - -1) + -4
-5
Evaluate -1 + -15 + 12 - 6.
-10
Evaluate (2 - (3 - 3)) + -1 + 0.
1
What is the value of 3 + -7 - -10 - 1?
5
6 + -23 + 27 + (-2 - 2)
6
8 - (0 - -5 - (1 + 1))
5
12 + -11 + (-7 - -3)
-3
What is 1 - -3 - (17 + -18)?
5
What is the value of 9 + (-1 - -10) + -8?
10
Evaluate -8 - (4 - 5 - 4) - -3.
0
-4 + (-7 - -6) + -4 + 10
1
What is the value of -7 - -4 - (-4 + (0 - 0))?
1
Calculate (1 - 0) + (-1 - (4 - 6)).
2
Evaluate 0 - (-2 - (2 - 4)).
0
What is -10 - (11 - (13 + 10))?
2
What is the value of 7 + -14 - (-1 + -3)?
-3
(-3 - -1) + -4 + 2
-4
What is the value of 0 - (-3 + 8) - -12?
7
Calculate 5 + -5 - -3 - -4 - 4.
3
What is 1 + 2 - (10 + -4 - -2)?
-5
Calculate 6 - (3 + 10) - -10.
3
What is 0 - (0 - (-2 - -1) - 4)?
3
Evaluate 53 + -52 + (-1 - 5).
-5
Calculate -2 - 1 - -4 - (2 - 1).
0
0 + (1 - (3 + (-6 - -3)))
1
What is -2 - -5 - (-6 - -10)?
-1
Calculate (17 - 5 - 2) + -2.
8
(21 - 6) + (1 + 2 - 11)
7
What is the value of 1 + -1 + -4 + 5 + 0?
1
What is 1 + (-1 - (0 - 13)) + -5?
8
What is -4 - (0 + (4 - -1))?
-9
Calculate 6 - (15 - (7 + 0)).
-2
What is the value of (-1 - -4) + 2 + -4 + 1?
2
(22 - 26) + (7 - 1)
2
Calculate (1 - 1) + 4 + -84 + 78.
-2
Calculate -3 + 6 + 1 + -1 + -8.
-5
What is (-21 - -22) + 5 + 0?
6
-3 - (10 + -22) - 11
-2
(1 - 4) + (-1 - -4) + -5
-5
5 + -3 + 2 + -2 + -2
0
Calculate -5 + 9 + (-4 - -3) + -4.
-1
8 - 6 - (-1 - 1 - 1)
5
Calculate (5 - 6) + 5 - 6.
-2
-1 + (0 - (0 - -2)) + 1
-2
What is (-1 - 3) + -71 + 66?
-9
What is 12 - (-4 + 3 - -8)?
5
What is the value of 2 + (5 - (2 - -3)) - -2?
4
What is 5 + -6 + -7 + 4?
-4
Evaluate 9 + (6 - 15) + 2.
2
Evaluate -1 + -5 + (-25 - -35).
4
Evaluate (3 - (2 + 8)) + 2 + 0.
-5
Calculate 4 + -6 - 3 - -4.
-1
Calculate -3 + 6 + (1 - 6) - -7.
5
Evaluate 4 - 5 - (8 + -3).
-6
What is -1 - (0 - 3) - (12 + -5)?
-5
What is 7 - (-4 + 3) - (-11 - -15)?
4
What is 1 - (-1 + 2 - (2 - 0))?
2
Evaluate -2 - -1 - (-104 + 96).
7
Calculate -6 - (4 - (3 - 0)) - -2.
-5
Calculate 1 + (-3 + 0 - -4).
2
Evaluate -43 + 42 - ((6 - 2) + 0).
-5
Calculate -6 - (-3 + (0 - (-2 - -4))).
-1
4 - 2 - -3 - 0
5
What is (-4 - 0) + 1 + 5?
2
What is (0 - (1 + 0 + 1)) + -1?
-3
Evaluate -2 - -3 - (-5 - (-10 - -3)).
-1
Evaluate 8 - 1 - (-5 + 8).
4
What is the value of (-1 - (1 - 5)) + -4 - 1?
-2
What is (43 + -44 - (-6 + -1)) + -14?
-8
-4 + (-2 - -4 - (-6 + 10))
-6
What is -3 + (13 - 9) - (0 + 2)?
-1
Calculate -8 + 12 - ((4 - -2) + 0).
-2
Cal